19*y**3 + 1. What is the remainder when 57 is divided by w(1)?
17
Suppose 4 = -0*t + t. Suppose -80 = -5*r - 5*s, -17 = -t*s - 1. Calculate the remainder when (0 + -1)*2 - -36 is divided by r.
10
Let d be 4/18 - 1328/(-18). Let f = d - 52. What is the remainder when 86 is divided by f?
20
Let i(o) = o + 6. What is the remainder when 27 is divided by i(9)?
12
Let f = 17 + -11. Suppose -b = 2*b - f. Suppose 3*m = -b*m + 140. Calculate the remainder when m is divided by 15.
13
Suppose 2*c - 7 = -3*l, 0*c = -5*l + c + 16. Suppose -55 = -l*n + 4*g, 3*g = -3*n - g + 23. Calculate the remainder when n is divided by 5.
3
Let b(q) = 2*q**3 - q**2 + q + 1. Let p be b(-1). Let l = p - -6. What is the remainder when -4 + 6/l + 7 is divided by 3?
2
Suppose 4*f + f + 2*o - 83 = 0, 5*o = -f + 35. Let b = -17 + 23. What is the remainder when f is divided by b?
3
Suppose 3*n + 4*z - 44 = 0, 0 = z - 4 - 1. Let v = 10 + n. What is the remainder when 53 is divided by v?
17
Suppose -5*v = -2*v + 4*a - 46, 2*v - 4*a = 64. What is the remainder when 86 is divided by v?
20
Let p be (6 - 0)*(-2)/(-4). Suppose 43 = -3*m + v + 117, p*m - 3*v - 78 = 0. Calculate the remainder when m is divided by 9.
6
Suppose l + 3*w - 31 = 0, -34 = -4*l + 4*w + 26. What is the remainder when l is divided by 7?
5
Suppose -2*z + 48 = -0*z. Calculate the remainder when 70 is divided by z.
22
Let i(l) = l**3 + 8*l**2 + 4*l + 8. What is the remainder when 86 is divided by i(-7)?
28
Let g(l) = -21*l - 2. Let b(h) = h**3 + 4*h**2 - 3. Let j be b(-4). Calculate the remainder when g(j) is divided by 16.
13
Let f be 182/10 - (-1)/(-5). Suppose 2*s = 10 + f. What is the remainder when 26 is divided by s?
12
What is the remainder when (-513)/18*16/(-6) is divided by 26?
24
Suppose -106 = -2*m - 0*m. Calculate the remainder when 51 is divided by 1/3 - m/(-3).
15
Suppose 2*p - 113 = -5*q, -4*p + 67 = 3*q - 3*p. Let o = -16 + q. Calculate the remainder when 19 is divided by o.
4
Let t(k) = 3*k + 7. Suppose -24 = f - 4*f. Let n = f + -5. What is the remainder when t(0) is divided by n?
1
Let n = 4 + -3. Calculate the remainder when 1 is divided by n.
0
Suppose 3*j = -4*z + 52, 2*j + 10 - 39 = 3*z. Calculate the remainder when j is divided by 6.
4
Let m(z) = -6*z - z - z**2 + 2*z + 2*z**2. Calculate the remainder when 29 is divided by m(6).
5
Suppose -5*c = 7*c - 264. Calculate the remainder when c is divided by 4.
2
Let o = -10 + 24. What is the remainder when o is divided by 8?
6
Let v = -88 - -133. Calculate the remainder when v is divided by 8.
5
Let g = 21 - 16. What is the remainder when g is divided by 2/(-6)*(-2 - 4)?
1
Let p(m) = m**2 - 6*m + 7. Calculate the remainder when 9 is divided by p(6).
2
Let v(q) = 14*q + 1. Let p be v(-1). Let r = 32 - p. What is the remainder when r is divided by 16?
13
Let p = -2 + 32. What is the remainder when p is divided by 297/(-18)*(-2)/3?
8
Let a(g) = 11*g + 3. Calculate the remainder when a(2) is divided by 13.
12
Let m = 14 - 9. Suppose 136 = 3*a + m*v, 4*a - 2*v = 185 - 21. Let y = -25 + a. Calculate the remainder when 32 is divided by y.
15
Suppose -4*q - 41 = -149. What is the remainder when q is divided by 5?
2
Let l(f) = -f + 1. Suppose 3*g = 5*m + 2*g, -4*m = -3*g. Calculate the remainder when 3 is divided by l(m).
0
Suppose -2*q = -y + 13, 0*q - 65 = -5*y + 2*q. Calculate the remainder when 25 is divided by y.
12
Suppose 4*w = -4*f + 2 - 10, 3*f + 21 = 2*w. Suppose -w*u - u + 8 = 0. Suppose 0 = d - u - 9. What is the remainder when d is divided by 4?
3
Let o(q) = 5*q**2 + 7*q + 4. Let u be o(-4). Suppose 0 = -3*j + 43 + u. Calculate the remainder when j is divided by 12.
9
Suppose 0 = 2*k - 2 - 18. What is the remainder when k is divided by 3?
1
Suppose 44 = -2*y + 6*y. Calculate the remainder when (y - 8)*2*1 is divided by 3.
0
Calculate the remainder when 76 is divided by 15/(-25) + (-103)/(-5).
16
Suppose 5*r + 25 = -15. Let h be r - 2/(-3 + 2). Let l(z) = -4*z + 6. What is the remainder when l(h) is divided by 11?
8
Suppose -3*p + 22 = x, 4*p + 4*x - 40 = -0*p. Let n be 3/2*(-6 - 0). Let h = n + 13. Calculate the remainder when p is divided by h.
2
Suppose 5*o = 11*o - 1056. Calculate the remainder when o is divided by 46.
38
Let x = -51 - -97. Suppose -2*d + x = -2*i, 0 = -3*i + 6 - 0. What is the remainder when d is divided by 9?
7
Suppose 15*p = 12*p + 246. What is the remainder when p is divided by 21?
19
Suppose -z = -2*z + 125. Calculate the remainder when z is divided by 2/4 - (-63)/2.
29
Let s(y) = -y + 23. Let p = -6 + 6. Calculate the remainder when s(p) is divided by 12.
11
Suppose -21 = -4*m - 9. What is the remainder when 13 is divided by m?
1
Let v = -6 + 2. Let b be v*(-3)/(-3)*-1. Let t = 6 - b. Calculate the remainder when 5 is divided by t.
1
Let y(p) = -p**2 + 13*p + 2. Calculate the remainder when y(9) is divided by 10.
8
Let x = 90 - 71. Suppose 0 = 5*d - 24 - 11. Calculate the remainder when x is divided by d.
5
Let z = 28 - 19. Calculate the remainder when 65 is divided by (-132)/z*9/(-6).
21
Let h(a) = -a**3 - 9*a**2 - 4*a - 12. Let n(v) = 4*v + 1. Calculate the remainder when h(-9) is divided by n(2).
6
Let f be (6/(-5))/(2/(-10)). Let x(n) = n**2 + 6*n + 4*n**2 - f*n**2 - 6. Calculate the remainder when 5 is divided by x(4).
1
Suppose 0 = -3*v + 9*v - 102. What is the remainder when 33 is divided by v?
16
Let k = 64 + -14. What is the remainder when k is divided by 13?
11
Let u(x) = -63*x - 1. Let m be u(-1). Suppose 2*d + 4*t - m = -d, -2*d = -5*t - 3. Calculate the remainder when 40 is divided by d.
12
Suppose -7 = -5*w + 63. Suppose -2*y - 5*k = -6*y + 88, -5*k = 2*y - w. Calculate the remainder when 49 is divided by y.
15
Suppose 0 = -2*k + k + 11. Suppose -2*w - w = -3, 5*w = 5*f - 185. Suppose 0 = -2*x + v + f, 1 + 3 = v. What is the remainder when x is divided by k?
10
Let m be 2/(-9) - 141/(-27). Suppose -2*d + 21 = -m. Calculate the remainder when 24 is divided by d.
11
Suppose 0 = 2*j - 6*j + 60. Suppose 168 = -4*l + 8*l. Calculate the remainder when l is divided by j.
12
Let n = 114 + -83. Calculate the remainder when 120 is divided by n.
27
Let b(k) = -2*k. Calculate the remainder when 31 is divided by b(-8).
15
Let m = 26 + -6. Let r be m/(-6)*6/(-4). Suppose -r*v - 28 = -4*w, v = 3 - 7. What is the remainder when 2 is divided by w?
0
Suppose 0 = r + 4*r. Suppose c = -r*c + 4, 0 = -b + 2*c - 7. What is the remainder when (b + 2)*(-6)/(-9) is divided by 2?
0
Suppose 10*y = 5*y + 3*t + 134, 2*t = -y + 19. Calculate the remainder when y is divided by 9.
7
Let c(x) be the second derivative of x**4/12 + 7*x**3/6 + 7*x**2/2 + 2*x. What is the remainder when 19 is divided by c(-7)?
5
Suppose -7*z + 49 = -7. What is the remainder when 14 is divided by z?
6
Suppose 88 = 4*m + 4*k, -k = 2*m + 3*m - 90. Calculate the remainder when 63 is divided by m.
12
Let w(k) = k + 8. Let u = 22 + -16. What is the remainder when w(7) is divided by u?
3
Suppose 0 = -5*m + m. Let d = 3 + m. Suppose i - 4*x + 0*x = 24, -5*i + d*x + 120 = 0. Calculate the remainder when i is divided by 13.
11
Suppose 2*v + 12 = 6*v, -11 = -4*j - 5*v. Let g be (-3 - (-2 - j))*-2. Let z = g - 1. What is the remainder when z is divided by 2?
1
Let x(c) = 6*c**2 - 7*c - 13. What is the remainder when x(-3) is divided by 17?
11
Calculate the remainder when 33 is divided by (-315)/(-60) - (-2)/(-8).
3
Let i = 43 - 9. What is the remainder when i is divided by 7?
6
Suppose -4*w = 2*d - 8*w - 28, -2*w - 50 = -4*d. Suppose q - 59 = 5*b, 3*q - 112 = -2*b + 4*b. What is the remainder when q is divided by d?
10
Suppose 5*g = g + 8. Let n(s) = -2*s**3 + s**3 + s**g + 15 + 0*s**2. What is the remainder when 28 is divided by n(0)?
13
Suppose -3 = -4*k + 5. Calculate the remainder when k + 1 + 225/9 is divided by 15.
13
Let c(v) = -13*v + 39*v - 20 - 21*v. What is the remainder when c(10) is divided by 11?
8
Let o = 9 + 3. Calculate the remainder when 83 is divided by o.
11
Let c(a) = 3*a + 11. Calculate the remainder when -1*(1 - -30)*-1 is divided by c(0).
9
Let a be 1*((-5 - 0) + 2). Let l be 2 - a/9*0. Suppose 0 = 3*t - l*t - 6. Calculate the remainder when 16 is divided by t.
4
Suppose 4*z - 36 = 4. Calculate the remainder when 36 is divided by z.
6
Let y(r